 l(p) = -4*f(p) - 3*q(p). Determine l(m).
-1
Let t(f) = 18198*f - 36386*f + 18194*f + 69. Determine t(-13).
-9
Suppose y = -5*p + 11, 6*p = 2*p - 2*y + 4. Let v(b) = 25*b + 6 + 35*b - 57*b - 3 + 0 + 4*b**2 - 5*b**2. Calculate v(p).
3
Suppose -v = -2*j - 5 - 17, 3*v - 73 = -j. Suppose 3*g - 2*h = 14, -2*g + 7*h + v = 2*h. Let r(q) = q**3 + q**2 - 4*q + 3. What is r(g)?
7
Suppose 185*y + 234 + 123 + 198 = 0. Let o(i) = -i**3 - 3*i**2 - 8*i - 19. Calculate o(y).
5
Let y(d) = -4*d + 1. Let f(h) = 17*h - 4. Let t(k) = -2*f(k) - 9*y(k). Suppose n = 1818 - 1805, 5*c + 2*n = 31. Determine t(c).
1
Let m = 18 + -24. Let t = -10 - m. Let d(a) = -19 + 36 - a - 17. Give d(t).
4
Let m be -1*2/2 - (-28 + 25). Suppose -m*f = -4*u, -5*f + 3*f = 4*u + 16. Let q(s) = 2*s**3 + 2*s**2 + 3*s + 1. Give q(u).
-13
Suppose 9*t - 865 = -856. Let s(l) be the first derivative of 2 - l - l**3 + 1/2*l**2. Give s(t).
-3
Let o(c) = 9*c**3 - 303*c**2 - 65*c + 36. Let y(g) = -4*g**3 + 131*g**2 + 33*g - 18. Let x(f) = -3*o(f) - 7*y(f). Give x(11).
-15
Let o(x) = 5*x + 17. Suppose -30*l - 121*l - 80*l = 33*l. What is o(l)?
17
Let w(u) = 18*u - 153. Let h be w(10). Let k(q) = q**2 - 29*q + 93. What is k(h)?
39
Let o(j) = -j**3 + j**2 - 2*j + 2. Let s be o(2). Let q(n) be the first derivative of n**2/2 - 6*n - 1785. Give q(s).
-12
Let p(r) = 2*r - 28. Let k = -161 - 558. Let n = k - -731. Calculate p(n).
-4
Let v(z) = z**3 - z**2 + z + 1. Let i = 65 - 67. Let m = 2 - i. Suppose 4*l - 8*l - m = 0. Give v(l).
-2
Let r(n) = -4*n**2 + 3*n - 2. Suppose -65*q + 131 = 1. Give r(q).
-12
Let l(z) be the third derivative of 0 - 5/6*z**3 + 1/4*z**4 - 1/60*z**5 + 0*z - 26*z**2. Let o be l(6). Let x(v) = -v - 10. Determine x(o).
-5
Let b(l) = -9 + 8 + 121804*l - 121832*l. Calculate b(-4).
111
Let s(b) = -48*b + 100*b - 34 - 40*b. What is s(3)?
2
Let v(j) be the first derivative of -4*j**3/3 + j**2/2 - j - 9. Let a(q) = 148*q + 741. Let t be a(-5). Calculate v(t).
-4
Let w(n) = -154*n**2 - 114*n - 323. Let p(f) = -25*f**2 - 19*f - 54. Let x(m) = -37*p(m) + 6*w(m). What is x(-14)?
-10
Let i(q) = -q**3 + 9*q**2 - 14*q - 10. Let g = -153 - -160. Let u be i(g). Let t(x) = -x - 14. Determine t(u).
-4
Let k be 2 - 10/2 - (-17 - -20). Let s(g) be the third derivative of -g**6/120 - g**5/10 - g**4/6 - g**3 - 7*g**2. What is s(k)?
18
Let p(d) be the second derivative of 3*d**3/2 + 3*d**2/2 + 31*d + 3. Let t be p(0). Let j(z) = -z**3 + z**2 + 1. Give j(t).
-17
Let j(y) be the second derivative of y**6/360 + 3*y**5/40 - 23*y**3/2 - 5*y + 6. Let d(z) be the second derivative of j(z). Give d(-10).
10
Let h(a) = 30*a - 6. Let q be h(3). Let g = q + -51. Suppose 5*c = -3*s + 31 - 8, 0 = 5*s + 3*c - g. Let r(b) = b**3 - 5*b**2 - 7*b + 9. Give r(s).
3
Let s = -5 + 8. Let l(z) = -4*z - 90. Let a(t) = 30. Let f(i) = 6*a(i) + 2*l(i). Determine f(s).
-24
Suppose -3*w + 5 = 5*a, 3*w - 9 = -4*a - 2. Let x be (a/2)/(3/(-3)). Let r(m) = 7*m + x + 1 + 0*m - 6*m. Give r(-8).
-6
Let o(d) = -18*d**2 - 5*d + 19*d**2 - 9 + 7. Let g(s) = s**3 + 3*s**2 - 4*s - 2. Let r be g(-4). Let k be (-6)/(4/(-2)) - r. What is o(k)?
-2
Let j(t) be the second derivative of -t**4/6 + 7*t**3/6 + 3*t**2/2 + 2*t. Let g be 5/(-20) - (-6875)/1100. Determine j(g).
-27
Let h be (6 + 1 - 6)/(2/4). Suppose -4*f = 2*y - 4*y + 20, -h*y + 15 = f. Let a(o) = -o**3 + 9*o**2 - 6*o + 9. Calculate a(y).
25
Let l(u) = -7*u**3 + 12*u**2 + 2*u - 16. Let m(o) = 8*o**3 - 13*o**2 - 2*o + 19. Let w(y) = -7*l(y) - 6*m(y). Let k be 10/(-3)*42/(-28). Calculate w(k).
-37
Let d(t) = 5 - 17 + 4 - 3 + 4*t. Give d(-8).
-43
Let c(l) = 1 + 7*l - 1. Let q be 92/69*(17/2 - 7). Give c(q).
14
Let x(w) = 19 + 1213*w + w**3 - 609*w - w**2 - 606*w. Give x(0).
19
Let r(a) = -10*a - 12. Suppose -2*l + 217*g = 215*g + 6, -3*l = -5*g - 1. Determine r(l).
68
Let a(y) = -2*y**3 - 2*y**2 + 28*y - 7. Let k(z) = -z**3 - z**2 + 13*z - 3. Suppose 0 = -m - m + 26. Let p(u) = m*k(u) - 6*a(u). Let h = 6 - 9. Give p(h).
18
Let n(t) = -194*t - 5. Let b(i) = -81*i - 2. Let m(f) = 12*b(f) - 5*n(f). Give m(11).
-21
Let o(y) = 151*y - 7. Let z(b) = 202*b - 8. Let j(u) = 4*o(u) - 3*z(u). Give j(-1).
-2
Let w(f) be the second derivative of -f**5/5 - f**4/6 - f**2 - 331*f - 3. Let k be 2/6*(0 + -6). Give w(k).
22
Let d(y) be the first derivative of y**4/2 - y**3 - 170*y**2 + 67. Let u(i) be the second derivative of d(i). Determine u(5).
54
Suppose -f = 8*f - 4*f. Suppose f*c - 9*c = 63. Let x(a) = a**3 + 7*a**2 + 1. Calculate x(c).
1
Suppose -76*y - 369 = 87. Let q(s) = -s**2 - 8*s - 11. Let o(h) = -5*h**2 - 41*h - 56. Let k(g) = 2*o(g) - 11*q(g). Give k(y).
9
Let g(l) = 19*l**2 + 3*l + 7. Let k(d) = 181*d**2 + 32*d + 62. Let m(i) = 19*g(i) - 2*k(i). Let n(p) = p - 5. Let z be n(-4). Determine m(z).
-9
Let n(h) = h**2 - 5*h. Suppose -5*v - 3*t = -50, 2*t - 38 = -0*v - 4*v. Suppose -3*d - v*d + 40 = 0. Determine n(d).
-4
Let c(i) = -5*i - 21. Suppose 0 = 18*n - 36*n - 54. What is c(n)?
-6
Let f = -9 + 7. Suppose 5 = -4*w - 3*r + 38, -2*w = 3*r - 21. Let h(u) = 1 + 6 - 3 - u - w. What is h(f)?
0
Let q(a) = 7*a**2 + 7*a + 2*a**2 - 8*a + 2*a. What is q(2)?
38
Let w(o) = 13 + 19696*o**2 - 19695*o**2 + 8*o - 7*o. What is w(0)?
13
Let y(u) be the first derivative of u**4/4 - 4*u**3/3 + 3*u**2/2 - 4*u - 14. Let z(a) = a**2 + 18*a - 85. Let l be z(4). Give y(l).
-4
Suppose 4*b = 4*v + 8, -4*b = 6*v - v + 1. Let g(a) = 3*a**2 + 11*a - 5. Let o(d) = d**2. Let m(i) = v*g(i) + 4*o(i). Determine m(6).
-25
Suppose 0 = 2*t - 9*t - 77. Let s = -18 - t. Let u(v) = -3 - 8*v - v**3 + 6*v**3 - 8*v**2 - 6*v**3 - 7. Give u(s).
-3
Let s(b) be the first derivative of 2*b**3/3 + 4*b**2 - 8*b - 996. What is s(-5)?
2
Let g(q) = -6*q**3 - 5*q**2 - 3. Let v be ((-21)/(-28))/(1/12). Let f(r) = 15*r**3 - 4*r**3 + v*r**2 + 27 - 22. Let i(t) = 4*f(t) + 7*g(t). Determine i(-1).
-2
Let g(l) be the second derivative of l**4/12 + 7*l**3/3 + 19*l**2/2 - 6*l + 7. Give g(-6).
-29
Let q(f) = -33*f**3 - 3*f**2 - f + 2. Let s(r) = -16*r**3 - r**2 + 1. Let h(x) = 2*q(x) - 5*s(x). Suppose 2*l = -2*l + 20. Suppose -2 = l*d - 3*d. What is h(d)?
-14
Let b = 0 - 0. Let m(t) be the first derivative of 1/3*t**3 + 1/2*t**2 - 10*t - 69. What is m(b)?
-10
Let q be (0 - 1) + (-1)/(-1) + 5. Suppose -q*v + 17 = -3, -2*v + 53 = 5*z. Suppose 0 = 14*a - 11*a - z. Let p(o) = -o + 1. Give p(a).
-2
Suppose 0 = 5*g + 223 - 238. Suppose -4*m + 7 = -1. Let i(j) = 3*j**m - 2*j**3 + 3*j**g - 6*j + 1 + 2. What is i(-5)?
-17
Let i(b) be the third derivative of -b**6/180 + b**5/12 - b**4/4 + 95*b**3/6 + 58*b**2. Let s(k) be the first derivative of i(k). Determine s(5).
-6
Let c = -424771 + 424765. Let y(i) = -5*i**3 - i**2 + 6*i + 12. Let f(u) = -6*u**3 + 5*u + 13. Let b(t) = -4*f(t) + 5*y(t). Give b(c).
-16
Suppose 5*p - 1 = 3*b, 4*p - 3*b + 7 = 2*b. Let m(o) = -p*o + 0*o + 11 - o + 5*o. What is m(-7)?
-3
Let w(t) = -t. Suppose 2*q = 4*y - 3*y + 119, -206 = 2*y + 4*q. Let c = 102 + y. Give w(c).
9
Let p(v) = -3*v**2 - 8*v + 7. Let j(z) = -z**2 - 2*z + 2. Let y be (21/66 + (-14)/(-77))*-4. Let l(s) = y*j(s) + p(s). Give l(-4).
3
Let m(t) = 396*t + 18. Let s(l) = -263*l - 12. Let u(z) = 5*m(z) + 8*s(z). Determine u(-1).
118
Let v be (-11)/(77/(-2)) - (-48)/28. Let d be (v/3)/(11/(-66)). Let f(n) = -n**2 - 3*n - 4. Give f(d).
-8
Let j(t) = -2*t**2 - 3*t. Let k(h) = -h**2 - 4*h. Suppose -2 = -4*c + 10. Let m(d) = c*k(d) - 2*j(d). Suppose 4*z - 31 = 5*q, -2*q - 15 + 17 = 2*z. Give m(z).
-8
Let f(q) = q**3 - 7*q**2 + 4*q + 8. Let g be 8/(-12)*(1 - 25). Let v(l) = -12*l**2 + l - 4*l**2 + l**3 + 17 - 27. Let x be v(g). Give f(x).
-4
Suppose -4*o = 2*i - 2, 30 - 1 = 2*i - 5*o. Let d(b) = -16*b + 56. Calculate d(i).
-56
Let o(x) = 229*x + 13 - 10 - 8 - 223*x + 2*x**2. Determine o(2).
15
Let v(b) = 1047*b + 1. Let f(q) = -2133*q - 2. Let s(c) = -27*f(c) - 55*v(c). Let j(m) = -m - 4. Let l be j(-7). Calculate s(l).
17
Let j(b) = -3*b**2 + 16*b + 1. Let v(h) = h**3 + 7*h**2 - 8*h + 2. Let a be v(-8). Let i(k) = k**a + 16 - 8*k - 16. Let n(o) = -5*i(o) - 2*j(o). Give n(-8).
-2
Let h(j) = -j**2 - 10*j + 4. Let x be -2 + 3*4/6. Suppose -3*f - 2*u - 22 = x, -3*f + 2*u = 30 + 8. Calculate h(f).
4
Let t(m) = m**3 - 8*m**2 - 9*m - 8. Suppose 0 = 110*s + 144*s - 1778. Give t(s).
-120
Let s(